 14?
-726
Convert 2230120 (base 4) to base 14.
4040
What is -595 (base 11) in base 10?
-709
Convert 2776 (base 9) to base 6.
13410
What is -4338 (base 10) in base 8?
-10362
Convert 24ac (base 14) to base 6.
45424
20842 (base 13) to base 11
3aa78
What is 5848 (base 12) in base 5?
303343
-10100110011001 (base 2) to base 6
-121145
Convert 2019 (base 10) to base 4.
133203
Convert -c55c (base 15) to base 11.
-29380
Convert 213133 (base 4) to base 9.
3417
Convert 2645 (base 8) to base 2.
10110100101
What is -11312 (base 4) in base 7?
-1043
What is 233234 (base 6) in base 13?
9256
Convert -204401 (base 5) to base 15.
-206b
Convert 355 (base 16) to base 2.
1101010101
Convert -15c (base 16) to base 8.
-534
Convert -1011111 (base 3) to base 2.
-1101010010
What is -14514 (base 6) in base 10?
-2350
-4cc5 (base 14) to base 13
-61b7
Convert 111111121 (base 3) to base 11.
743a
Convert -41487 (base 9) to base 7.
-142546
-42442 (base 8) to base 7
-102412
-25b9 (base 14) to base 10
-6631
-1100110001001 (base 2) to base 8
-14611
-20323 (base 7) to base 14
-1b4a
Convert -27852 (base 10) to base 15.
-83bc
What is 3230001 (base 4) in base 6?
153533
What is 1626 (base 9) in base 14?
647
Convert 143 (base 8) to base 2.
1100011
Convert 6ed4 (base 15) to base 8.
56057
What is -108c (base 14) in base 7?
-11235
2411132 (base 5) to base 8
126776
Convert 8788 (base 12) to base 10.
14936
Convert -161 (base 7) to base 2.
-1011100
4226 (base 8) to base 5
32243
Convert -102cb (base 16) to base 8.
-201313
What is -2543 (base 6) in base 11?
-531
953 (base 13) to base 11
1215
What is 226 (base 12) in base 9?
383
Convert 11620 (base 8) to base 5.
130013
-9031 (base 12) to base 4
-3303211
Convert 6142 (base 9) to base 5.
120433
Convert 3424 (base 11) to base 5.
121003
1306 (base 8) to base 14
38a
Convert -1121 (base 4) to base 7.
-155
200002001 (base 3) to base 8
31571
21144 (base 8) to base 3
110002002
Convert -850a (base 12) to base 9.
-21861
344d (base 14) to base 16
237d
What is -818 (base 15) in base 5?
-24243
422341 (base 7) to base 6
1321244
b7 (base 16) to base 15
c3
-6765 (base 8) to base 7
-13263
Convert -1241502 (base 6) to base 7.
-401432
What is 15452 (base 10) in base 13?
7058
-12200 (base 4) to base 15
-1cb
-166 (base 11) to base 6
-521
What is -7947 (base 13) in base 14?
-6275
64a8 (base 12) to base 6
123132
Convert 123231 (base 7) to base 2.
101100011100110
3205 (base 7) to base 12
7a4
Convert 766 (base 9) to base 2.
1001110011
What is b917 (base 16) in base 15?
e08d
What is -52040 (base 9) in base 3?
-1202001100
-6246 (base 11) to base 2
-10000001010110
What is 256 (base 15) in base 13?
31b
Convert 6063 (base 9) to base 10.
4431
What is -2586 (base 11) in base 3?
-11121111
Convert -34d (base 14) to base 13.
-3b7
Convert 11000111111 (base 2) to base 12.
b13
What is -392 (base 11) in base 15?
-20e
Convert 8cb (base 15) to base 2.
11111000111
111221 (base 4) to base 12
975
-1011000111011000 (base 2) to base 5
-2424103
What is 4600 (base 10) in base 5?
121400
43431 (base 5) to base 2
101110101111
Convert -101100101 (base 2) to base 6.
-1353
Convert 5a8 (base 15) to base 2.
10100000011
What is e938 (base 15) in base 7?
263546
-1791 (base 10) to base 3
-2110100
What is 395 (base 10) in base 12?
28b
What is 8c2 (base 13) in base 5?
22020
1d45 (base 15) to base 2
1100011011101
545 (base 9) to base 7
1205
-668 (base 10) to base 9
-822
Convert -143 (base 12) to base 3.
-21020
Convert 3546 (base 12) to base 14.
2258
Convert -2258 (base 9) to base 7.
-4610
What is 1010000011001111 (base 2) in base 6?
514331
What is -34253 (base 10) in base 7?
-201602
What is -113003 (base 4) in base 11?
-1121
Convert 10549 (base 10) to base 14.
3bb7
5131 (base 7) to base 4
123322
1122001 (base 3) to base 7
3316
-337 (base 13) to base 5
-4203
What is -1001000100 (base 2) in base 15?
-28a
-123265 (base 7) to base 16
-58ff
-426 (base 7) to base 5
-1331
-1863 (base 12) to base 9
-4043
What is 1a4 (base 16) in base 11?
352
Convert 2210211212 (base 3) to base 9.
83755
4312 (base 9) to base 10
3170
339 (base 16) to base 10
825
What is -1345 (base 10) in base 15?
-5ea
-4180 (base 9) to base 5
-44234
What is -100251 (base 7) in base 14?
-6261
20121 (base 4) to base 2
1000011001
What is -203 (base 15) in base 5?
-3303
1031 (base 4) to base 11
70
2222404 (base 5) to base 8
114300
-172 (base 12) to base 2
-11100110
What is 1066 (base 8) in base 13?
347
Convert -3402 (base 8) to base 16.
-702
Convert -229bd (base 14) to base 5.
-10144001
-9be5 (base 15) to base 13
-12086
What is -320415 (base 7) in base 3?
-2211001000
What is -289 (base 15) in base 5?
-4304
Convert -66a (base 12) to base 15.
-431
Convert -98b7 (base 13) to base 16.
-531b
Convert -100000000001 (base 2) to base 7.
-5655
Convert 2454 (base 9) to base 11.
1415
What is 1876 (base 9) in base 10?
1446
5677 (base 11) to base 12
43a1
Convert -13e (base 16) to base 8.
-476
Convert 1330303 (base 5) to base 14.
9b73
-4100 (base 6) to base 14
-484
Convert -825 (base 9) to base 13.
-3c8
Convert b4 (base 12) to base 11.
114
What is -6523 (base 7) in base 8?
-4420
Convert 1010110011110 (base 2) to base 11.
4181
-3d25 (base 16) to base 5
-1000103
551 (base 9) to base 14
243
2077 (base 8) to base 7
3112
2301 (base 8) to base 11
a07
Convert -23513 (base 6) to base 3.
-11201000
405 (base 7) to base 2
11001001
Convert -2487 (base 11) to base 7.
-12310
115424 (base 6) to base 12
5b74
Convert -32315 (base 6) to base 12.
-269b
906 (base 11) to base 15
4d0
-21343 (base 7) to base 5
-132243
Convert -212022 (base 3) to base 14.
-32d
What is -cb (base 14) in base 13?
-10a
Convert 124040 (base 7) to base 10.
23009
What is -1384d (base 14) in base 15?
-e490
Convert -273a (base 12) to base 5.
-121020
-498 (base 13) to base 12
-569
What is -1059 (base 10) in base 11?
-883
Convert -281c (base 14) to base 10.
-7082
15521 (base 9) to base 5
320010
What is -62 (base 13) in base 14?
-5a
Convert 142023 (base 6) to base 15.
3e8c
666 (base 9) to base 4
20202
Convert 100010111110000 (base 2) to base 5.
1033104
-15255 (base 9) to base 4
-2202302
Convert 4615 (base 10) to base 7.
16312
What is 13055 (base 8) in base 2?
1011000101101
What is -10202220 (base 3) in base 10?
-2751
Convert 5950 (base 15) to base 8.
45037
Convert -53302 (base 7) to base 10.
-13183
What is -9941 (base 10) in base 15?
-2e2b
Convert 175f (base 16) to base 11.
454a
Convert -20645 (base 7) to base 14.
-1c25
What is -8aa (base 14) in base 5?
-23333
-1243 (base 8) to base 16
-2a3
-4435 (base 8) to base 11
-1831
-140762 (base 9) to base 8
-247634
What is 407 (base 14) in base 13?
48b
Convert 6dc (base 14) to base 16.
55a
Convert -111512 (base 6) to base 14.
-364c
Convert 2823 (base 12) to base 4.
1020123
Convert -55 (base 12) to base 3.
-2102
-662 (base 7) to base 9
-415
Convert 1788 (base 9) to base 4.
111200
Convert 13407 (base 8) to base 6.
43143
-40003 (base 5) to base 4
-213013
3939 (base 12) to base 15
1e00
-67167 (base 8) to base 7
-145306
What is -23378 (base 10) in base 2?
-101101101010010
Convert 1522 (base 9) to base 4.
102002
-c64 (base 14) to base 2
-100110001000
Convert 14568 (base 12) to base 5.
1402243
What is -100211010 (base 3) in base 8?
-15766
-1000000011011 (base 2) to base 11
-3109
26c (base 13) to base 2
110101100
Convert 10333 (base 5) to base 8.
1316
What is -222 (base 15) in base 16?
-1e2
-8b (base 14) to base 7
-234
What is -b405 (base 13) in base 6?
-311012
What is -45235 (base 6) in base 3?
-22201112
2122111 (base 3) to base 15
88a
What is -403 (base 5) in base 15?
-6d
What is 391 (base 16) in base 4?
32101
What is 34c (base 14) in base 12?
468
What is 984 (base 14) in base 9?
2518
What is -1454 (base 15) in base 13?
-1c9c
What is -10eb (base 16) in base 3?
-12221102
Convert -16605 (base 13) to base 11.
-2a145
What is -33267 (base 10) in base 3?
-1200122010
Convert 16b (base 13) to base 14.
146
56 (base 8) to base 5
141
-14152 (base 8) to base 13
-2aca
What is -816 (base 14) in base 3?
-2011211
What is -1433 (base 6) in base 10?
-381
What is 3114 (base 13) in base 4?
1221321
What is -a6 (base 16) in base 5?
-1131
Convert -12e (base 15) to base 14.
-153
Convert 252551 (base 6) to base 8.
54223
What is -55a (base 13) in base 2?
-1110011000
What is -2003122 (base 4) in base 3?
-10